 r*x, o - 20 = -x - x. Suppose -2*m = -42 - o. List the prime factors of m.
2, 3, 5
Let v(q) = q**3 - 4*q**2 + 3. Suppose 0 = -3*w + 3 + 9. Let s be v(w). Suppose 5*g + 5 = -2*u + 37, -s*u - 5*g + 58 = 0. What are the prime factors of u?
2, 13
Let r be ((-68)/(-3))/((-2)/(-6)). Let d be 3 + (0 - 3/(-6))*2. Suppose -d*y + 5*w = -r, -3*y + 8 = -3*w - 46. What are the prime factors of y?
2, 11
Let i(n) = -7*n**3 - 19*n**2 - 19*n + 5. What are the prime factors of i(-7)?
2, 3, 67
Suppose 4*l + 16 = 0, -l + 4*l + 32 = 4*f. Suppose -6 = -f*w + 4. Suppose 5*j = -w*a - a + 74, 3*a + j - 70 = 0. List the prime factors of a.
23
Let v(s) = s - 14. Let x(k) = -5. Let g(z) = -4*v(z) + 11*x(z). Let b be g(5). Let r = -3 - b. List the prime factors of r.
2
Suppose 5*p = -4*x - 15, x - 2*p = -2*x + 6. Suppose 0 = -3*k - 4*r - 6 + 1, x = -4*k + 4*r + 40. Suppose k*g - 96 = g. What are the prime factors of g?
2, 3
Let f(v) = -3*v - 6. Let d be f(-4). What are the prime factors of d/4*34*3/9?
17
Suppose 4*c + 27 = z, -z = 2*c - 3 + 6. Let i(l) = -l**3 + 9*l**2 + l + 2. What are the prime factors of i(z)?
107
Suppose 2*t = 2*r - 16, -3*t + 1 = -2*t. Suppose -r*f = -648 - 360. List the prime factors of f.
2, 7
Let b = -5 - -10. Let a = -1 + b. List the prime factors of 7/((-28)/(-8))*a.
2
Suppose -11 = t - 13. Suppose -4*u = -t*u. Suppose u = 2*x + s - 37, 5*x = -3*s + 80 + 11. List the prime factors of x.
2, 5
Suppose -5 = -p + z, 4*z + 21 = 3*p + 4. Let i(w) = w**2 + 2*w - 6 - p*w + 3*w + 7. List the prime factors of i(-4).
3
Suppose 1136 = 4*b + 5*d - 1246, 1781 = 3*b + d. What are the prime factors of b?
593
Let d be 54/(-24) - 2/(-8). List the prime factors of 226/6 - d/(-3).
37
Suppose -l = -g + 521, 3*l = -2*g + 265 + 792. What are the prime factors of g?
2, 131
Suppose -581*s + 588*s - 23975 = 0. List the prime factors of s.
5, 137
Suppose 5*i - 3*i - 5*l = 3121, 5*l = -i + 1568. List the prime factors of i.
3, 521
List the prime factors of -2*(-162 - 8/(-8)).
2, 7, 23
Suppose 162 = 7*t + 988. Let d = t - -222. What are the prime factors of d?
2, 13
Suppose 19*v = 18*v + 4*p + 6325, 3*v - 18907 = -5*p. List the prime factors of v.
3, 701
Let d be (-19)/(-38) + (-5)/(-2). Let c(k) be the second derivative of k**5/20 + k**4/12 - k**3/2 + 2*k. What are the prime factors of c(d)?
3
Suppose -4*t + 3*t + 5*x = 0, 3*t = 2*x. Suppose t*z - 233 = 3*z - 5*f, 3*z + 249 = -3*f. Let q = z + 114. What are the prime factors of q?
3, 11
What are the prime factors of 59847/45 + (-27)/(-405)?
2, 5, 7, 19
Let g(y) be the second derivative of 5*y**3/6 + 9*y**2/2 + 8*y. Let n be g(-8). Let j = 35 + n. What are the prime factors of j?
2
Let k = 499 + -131. What are the prime factors of k?
2, 23
Let s(n) = n - 6. Let p be s(8). Suppose 36 = p*x + x. What are the prime factors of x?
2, 3
Suppose 4*s = 451 - 71. Suppose -j + 4 = -s. What are the prime factors of j?
3, 11
Suppose 14 = h + 2*h + k, 0 = 5*h - 4*k - 12. Suppose -h*i + 68 = 2*s, 2*i - 26 = -4*s + 2. List the prime factors of i.
2, 3
Let k(c) = 2*c**3 - 14*c**2 + 22*c + 23. What are the prime factors of k(12)?
11, 157
Let g = 709 - -858. List the prime factors of g.
1567
Let t be (-2 + -6)*4/(-8). Suppose 4*m = -t*m + 352. List the prime factors of m.
2, 11
Let n = 2 - 10. Let p(r) = -r**3 - 8*r**2 - 6*r + 12. List the prime factors of p(n).
2, 3, 5
Let a(w) = -w**3 + 8*w**2 + 17*w - 8. Let i be a(8). Suppose -16*d - i = -18*d. List the prime factors of d.
2
Let n be 16 - ((-8)/(-2) + -4). Suppose o - n = -13. Suppose o*c + 39 = 6*c. What are the prime factors of c?
13
Let a(p) = p**3 + 10*p**2 - 18*p - 17. Let j be a(-13). Let l = -173 - j. What are the prime factors of l?
3, 13
Let c(a) = -2*a**2 - 85*a - 30. List the prime factors of c(-37).
13, 29
Let d = -30 + 60. Suppose 6*h + 0*h = d. Let n = h - 3. List the prime factors of n.
2
Let w(x) = 4*x**2 - 2*x + 2. Let l be w(-3). Suppose 0*z - z + l = 0. What are the prime factors of z?
2, 11
Suppose -2*m + 2*f - 5 = -93, 2*m = 3*f + 92. What are the prime factors of 56/6 + m/(-30)?
2
Suppose 0 = -3*k + 5*p + 35, 27 = 2*k - 2*p + 1. Let n = 28 + k. What are the prime factors of n?
43
Let c be 4/5*(-65)/26. Let h be (c/1 - -76)/2. Let n = -9 + h. List the prime factors of n.
2, 7
Let o(v) be the first derivative of 0*v**2 - 6 + 5 - 8*v + v**2. List the prime factors of o(10).
2, 3
Let p be 294/5 + (-12)/(-60). Suppose 3*d - 2*x - 197 = p, -92 = -d - x. List the prime factors of d.
2, 11
Let r(s) = 20*s + 38. List the prime factors of r(6).
2, 79
Let w = -903 + 1287. Suppose -204 - w = -7*h. List the prime factors of h.
2, 3, 7
Let j be -4*(-2 + 12/8). Let v(h) = 3*h**2 - 3*h + 2. Let q be v(j). What are the prime factors of ((-12)/10)/(q/(-20))?
3
Let x(z) = z**3 + 4*z**2 - 4*z + 8. Let l be x(-5). Suppose 4*g + m = 61 + 37, 4*g - 90 = l*m. List the prime factors of g.
2, 3
Suppose 0 = 4*y - o - 50, 2*o + 18 = y - o. List the prime factors of 5*24 + (13 - y).
11
Suppose -12*u = 8*u - 11180. List the prime factors of u.
13, 43
Let h(f) be the third derivative of -f**7/5040 - f**6/720 + f**5/15 - 8*f**2. Let c(l) be the third derivative of h(l). What are the prime factors of c(-7)?
2, 3
Suppose -2*s - 20 = -24. Suppose 3*n = -i + 5*n + 119, 5*i - 603 = s*n. List the prime factors of i.
11
Suppose -5*q + 104 = 319. What are the prime factors of (-1 - -1) + (-3 - q)?
2, 5
Suppose -56 = -2*u + 2*a, -46 - 34 = -3*u + 4*a. Let n be 16/((-6)/8 - 77/(-28)). What are the prime factors of n + u + 1 + -2?
3, 13
Suppose 4*k = 4*d + 404, -2*k = -2*d + 4*d + 194. Let c be d*2*(-3)/18. What are the prime factors of (-2)/((-24)/c)*4?
11
Let o(f) = -3*f**2 + 6*f + 7. Let d(v) = -2*v**2 + 7*v + 8. Let p(g) = -4*d(g) + 3*o(g). Suppose -k - k - 16 = 0. What are the prime factors of p(k)?
5
Suppose 3*i - 2*y + 449 = 1929, -3*y = 4*i - 1996. What are the prime factors of i?
2, 31
Suppose -7*h + 2432 = -3*h + 4*l, 5*l = 5*h - 3050. What are the prime factors of h?
3, 7, 29
Let q(v) = -4 + 3*v + 3*v + v**2 + 6 + 2. Let a be q(-6). Suppose -4*p + a*t + 40 = 0, 7*p + t = 3*p + 45. List the prime factors of p.
11
Let b be 5 - (-4 - (-3)/1). Let r = 5 - b. List the prime factors of (-3)/6*10/r.
5
Let i = -1958 - -3450. What are the prime factors of i?
2, 373
Suppose 2*r - 14 = -8. List the prime factors of 22/33 - (-70)/r.
2, 3
Let o = 475 + 1677. List the prime factors of o.
2, 269
Let f = 898 + -444. What are the prime factors of f?
2, 227
Suppose i = -3*i. Suppose 2*x - x - 5 = i. Let f = 14 + x. What are the prime factors of f?
19
Let k(u) = -99*u + 217. List the prime factors of k(-28).
7, 61
Suppose 27 = i - 5*t, -3*i = -6*i - 5*t + 21. Let h(a) = i*a**2 + 2*a**3 + 13 - a**2 + 6*a - a**3 + 4*a. What are the prime factors of h(-10)?
13
Suppose -63 - 9 = 2*j. What are the prime factors of 220/6 - (-24)/j?
2, 3
Suppose 2*j - 336 = 844. What are the prime factors of j?
2, 5, 59
Suppose d = -0*d. Suppose d = 5*o - 43 + 13. Suppose -o*a = -3*a - 57. List the prime factors of a.
19
Let u(l) = 2*l**2 - 19*l + 1. Let s(g) = -g**2 + 17*g - 19. Let t be s(15). List the prime factors of u(t).
2, 17
Suppose -5*j + 10*j - 45 = 0. Suppose 5*o - 5*l = -0*o + 40, 13 = o - 2*l. What are the prime factors of o/j + 123/9?
2, 7
Suppose 2*c + c = 0. Let q(m) = -m - 20. Let g be q(c). List the prime factors of (24/g)/((-9)/30).
2
Suppose 1781 = -5*f - 2*w, 5*f + 3*w = -0*w - 1779. List the prime factors of f/(-5) - 2/5.
71
Suppose 4*k = -s + 1327, -k = 2*k - 2*s - 1009. Let f = k - 153. What are the prime factors of f?
2, 3, 5
Let t(j) = 38*j**2 - 5*j + 9. Let w be t(-7). Suppose -386 = 8*y - w. What are the prime factors of y?
2, 5, 19
Let b = -40 - -36. List the prime factors of ((-4)/8)/(b/240).
2, 3, 5
Suppose 5*v + 5*v = 1690. What are the prime factors of v?
13
Let h be (-32)/(-7) - 9/(-21). Suppose -25 = -h*f, -2*f - 733 + 75 = -4*a. Suppose a = 6*u + 29. What are the prime factors of u?
23
Let v(k) = 6*k**2 + k + 7. Let l(i) = i**3 - 14*i**2 + 14*i - 10. Let b be l(13). What are the prime factors of v(b)?
2
Suppose 12*i - 7*i = 4*z - 4305, -5*z + 5403 = i. What are the prime factors of z?
2, 3, 5
Suppose -4*m + 14 = 3*r, 4*r - 12 = -m - m. Suppose -175 = -2*f - z, z = -r*f - f + 260. List the prime fac